{"id":8,"date":"2016-06-23T16:14:37","date_gmt":"2016-06-23T14:14:37","guid":{"rendered":"http:\/\/www.detskecentrumroznava.sk\/gulicentrum\/?page_id=8"},"modified":"2022-01-19T07:24:57","modified_gmt":"2022-01-19T06:24:57","slug":"kde-nas-najdete","status":"publish","type":"page","link":"https:\/\/www.detskecentrumroznava.sk\/detskecentrum\/kde-nas-najdete\/","title":{"rendered":"Kontakt"},"content":{"rendered":"<p>Kto h\u013ead\u00e1, ten n\u00e1jde. A na\u0161e detsk\u00e9 centrum n\u00e1jdete na adrese:<\/p>\n<p>\u0160af\u00e1rikova 100,<br \/>\n048 01 Ro\u017e\u0148ava.<br \/>\n(Adresu mo\u017eno pozn\u00e1te ako b\u00fdval\u00fd Dom pionierov.)<\/p>\n<div style=\"width: 100%; min-width: 220px; margin-left: 0px; margin-top: 20px; margin-bottom: 20px;\">\n<p><iframe src=\"https:\/\/www.google.com\/maps\/embed?pb=!1m18!1m12!1m3!1d2635.712548189293!2d20.525708315876532!3d48.653614023057!2m3!1f0!2f0!3f0!3m2!1i1024!2i768!4f13.1!3m3!1m2!1s0x473fa581fdd80163%3A0xf878d0adf59a3e28!2sDetsk%C3%A9%20centrum!5e0!3m2!1ssk!2ssk!4v1642573012196!5m2!1ssk!2ssk\" width=\"800\" height=\"450\" style=\"border:0;\" allowfullscreen=\"\" loading=\"lazy\"><\/iframe>\n<\/div>\n<p>Po\u010du\u0165 n\u00e1s budete na telef\u00f3nnom \u010d\u00edsle 0911 735 795, kde si m\u00f4\u017eete rezervova\u0165 narodeninov\u00fa p\u00e1rty.<br \/>\nSpoji\u0165 sa s nami m\u00f4\u017eete aj cez n\u00e1\u0161 facebook alebo e-mail dcroznava@gmail.com.<\/p>\n<p>V\u00edta V\u00e1s farebn\u00fd svet pln\u00fd hier, z\u00e1bavy a detskej radosti &#8211; v\u00edta V\u00e1s Detsk\u00e9 centrum v Ro\u017e\u0148ave.<\/p>\n<p><img decoding=\"async\" loading=\"lazy\" class=\"alignnone size-full wp-image-71\" src=\"https:\/\/www.detskecentrumroznava.sk\/detskecentrum\/wp-content\/uploads\/2016\/06\/postavicka_5.png\" alt=\"postavicka_5\" width=\"252\" height=\"156\" \/><\/p>\n<h2>Otv\u00e1racie \u010dasy<\/h2>\n<p><img decoding=\"async\" loading=\"lazy\" class=\"alignright wp-image-244\" src=\"https:\/\/www.detskecentrumroznava.sk\/detskecentrum\/wp-content\/uploads\/2016\/06\/hodiny_guli2-300x300.png\" alt=\"Detsk\u00e9 centrum, otv\u00e1racie \u010dasy\" width=\"400\" height=\"400\" srcset=\"https:\/\/www.detskecentrumroznava.sk\/detskecentrum\/wp-content\/uploads\/2016\/06\/hodiny_guli2-300x300.png 300w, https:\/\/www.detskecentrumroznava.sk\/detskecentrum\/wp-content\/uploads\/2016\/06\/hodiny_guli2-150x150.png 150w, https:\/\/www.detskecentrumroznava.sk\/detskecentrum\/wp-content\/uploads\/2016\/06\/hodiny_guli2.png 428w\" sizes=\"(max-width: 400px) 100vw, 400px\" \/><\/p>\n<p>Detsk\u00e9 centrum je otvoren\u00e9 pre V\u00e1s a Va\u0161e ratolesti v nasledovn\u00fdch \u010dasoch:<\/p>\n<div style=\"display: table; margin-bottom: 20px;\">\n<div style=\"display: table-row;\">\n<div style=\"display: table-cell; width: 50%; font-weight: bold;\">Pondelok<\/div>\n<div style=\"display: table-cell;\">9.00 &#8211; 19.00<\/div>\n<\/div>\n<div style=\"display: table-row;\">\n<div style=\"display: table-cell; font-weight: bold;\">Utorok<\/div>\n<div style=\"display: table-cell;\">9.00 &#8211; 19.00<\/div>\n<\/div>\n<div style=\"display: table-row;\">\n<div style=\"display: table-cell; font-weight: bold;\">Streda<\/div>\n<div style=\"display: table-cell;\">9.00 &#8211; 19.00<\/div>\n<\/div>\n<div style=\"display: table-row;\">\n<div style=\"display: table-cell; font-weight: bold;\">\u0160tvrtok<\/div>\n<div style=\"display: table-cell;\">9.00 &#8211; 19.00<\/div>\n<\/div>\n<div style=\"display: table-row;\">\n<div style=\"display: table-cell; font-weight: bold;\">Piatok<\/div>\n<div style=\"display: table-cell;\">9.00 &#8211; 19.00<\/div>\n<\/div>\n<div style=\"display: table-row;\">\n<div style=\"display: table-cell; font-weight: bold;\">Sobota<\/div>\n<div style=\"display: table-cell;\">9.00 &#8211; 19.00<\/div>\n<\/div>\n<div style=\"display: table-row;\">\n<div style=\"display: table-cell; font-weight: bold;\">Nede\u013ea<\/div>\n<div style=\"display: table-cell;\">9.00 &#8211; 19.00<\/div>\n<\/div>\n<\/div>\n<p><img decoding=\"async\" loading=\"lazy\" class=\"alignnone wp-image-67\" src=\"https:\/\/www.detskecentrumroznava.sk\/detskecentrum\/wp-content\/uploads\/2016\/06\/postavicka_3.png\" alt=\"postavicka_3\" width=\"141\" height=\"164\" \/><\/p>\n<p>V\u00edtan\u00e9 s\u00fa v\u0161etky deti bez rozdielu.<br \/>\n\u010ci si ve\u013ek\u00fd a \u010di mal\u00fd, tak\u00fd akur\u00e1t.<br \/>\n\u010ci si chud\u00fd a \u010di tu\u010dn\u00fd, po\u010f sa s nami hra\u0165.<br \/>\n\u010ci si farebn\u00fd, a \u010di biely, tak\u00fd akur\u00e1t.<br \/>\nV\u00fdmyseln\u00edk, \u010di anjelik, v centre si n\u00e1\u0161 kamar\u00e1t.<\/p>\n","protected":false},"excerpt":{"rendered":"<p>Kto h\u013ead\u00e1, ten n\u00e1jde. A na\u0161e detsk\u00e9 centrum n\u00e1jdete na adrese: \u0160af\u00e1rikova 100, 048 01 Ro\u017e\u0148ava. (Adresu mo\u017eno pozn\u00e1te ako b\u00fdval\u00fd Dom pionierov.) Po\u010du\u0165 n\u00e1s budete na telef\u00f3nnom \u010d\u00edsle 0911 735 795, kde si m\u00f4\u017eete rezervova\u0165 narodeninov\u00fa p\u00e1rty. Spoji\u0165 sa s nami m\u00f4\u017eete aj cez n\u00e1\u0161 facebook alebo e-mail dcroznava@gmail.com. V\u00edta V\u00e1s farebn\u00fd svet pln\u00fd [&hellip;]<\/p>\n","protected":false},"author":1,"featured_media":0,"parent":0,"menu_order":0,"comment_status":"closed","ping_status":"closed","template":"","meta":[],"_links":{"self":[{"href":"https:\/\/www.detskecentrumroznava.sk\/detskecentrum\/wp-json\/wp\/v2\/pages\/8"}],"collection":[{"href":"https:\/\/www.detskecentrumroznava.sk\/detskecentrum\/wp-json\/wp\/v2\/pages"}],"about":[{"href":"https:\/\/www.detskecentrumroznava.sk\/detskecentrum\/wp-json\/wp\/v2\/types\/page"}],"author":[{"embeddable":true,"href":"https:\/\/www.detskecentrumroznava.sk\/detskecentrum\/wp-json\/wp\/v2\/users\/1"}],"replies":[{"embeddable":true,"href":"https:\/\/www.detskecentrumroznava.sk\/detskecentrum\/wp-json\/wp\/v2\/comments?post=8"}],"version-history":[{"count":33,"href":"https:\/\/www.detskecentrumroznava.sk\/detskecentrum\/wp-json\/wp\/v2\/pages\/8\/revisions"}],"predecessor-version":[{"id":1058,"href":"https:\/\/www.detskecentrumroznava.sk\/detskecentrum\/wp-json\/wp\/v2\/pages\/8\/revisions\/1058"}],"wp:attachment":[{"href":"https:\/\/www.detskecentrumroznava.sk\/detskecentrum\/wp-json\/wp\/v2\/media?parent=8"}],"curies":[{"name":"wp","href":"https:\/\/api.w.org\/{rel}","templated":true}]}}