{"id":884,"date":"2019-11-26T08:13:07","date_gmt":"2019-11-26T07:13:07","guid":{"rendered":"https:\/\/www.detskecentrumroznava.sk\/detskecentrum\/?page_id=884"},"modified":"2019-11-26T08:13:07","modified_gmt":"2019-11-26T07:13:07","slug":"ponuka-prace-brigady","status":"publish","type":"page","link":"https:\/\/www.detskecentrumroznava.sk\/detskecentrum\/ponuka-prace-brigady\/","title":{"rendered":"Ponuka pr\u00e1ce, brig\u00e1dy"},"content":{"rendered":"<p>H\u013ead\u00e1\u0161 brig\u00e1du?<\/p>\n<p>R\u00e1d pracuje\u0161 s \u013eu\u010fmi?<\/p>\n<p>Neboj\u00ed\u0161 sa zodpovednosti?<\/p>\n<p>Mo\u017eno si ten prav\u00fd \/ t\u00e1 prav\u00e1 na pr\u00e1cu v Detskom centre. Po\u0161li n\u00e1m svoj motiva\u010dn\u00fd list a \u017eivotopis. Vhodn\u00fdch kandid\u00e1tov pozveme na \u00favodn\u00fd pohovor.<\/p>\n\n<div class=\"wpcf7 no-js\" id=\"wpcf7-f887-o1\" lang=\"sk-SK\" dir=\"ltr\">\n<div class=\"screen-reader-response\"><p role=\"status\" aria-live=\"polite\" aria-atomic=\"true\"><\/p> <ul><\/ul><\/div>\n<form action=\"\/detskecentrum\/wp-json\/wp\/v2\/pages\/884#wpcf7-f887-o1\" method=\"post\" class=\"wpcf7-form init\" aria-label=\"Contact form\" enctype=\"multipart\/form-data\" novalidate=\"novalidate\" data-status=\"init\">\n<div style=\"display: none;\">\n<input type=\"hidden\" name=\"_wpcf7\" value=\"887\" \/>\n<input type=\"hidden\" name=\"_wpcf7_version\" value=\"5.7.3\" \/>\n<input type=\"hidden\" name=\"_wpcf7_locale\" value=\"sk_SK\" \/>\n<input type=\"hidden\" name=\"_wpcf7_unit_tag\" value=\"wpcf7-f887-o1\" \/>\n<input type=\"hidden\" name=\"_wpcf7_container_post\" value=\"0\" \/>\n<input type=\"hidden\" name=\"_wpcf7_posted_data_hash\" value=\"\" \/>\n<input type=\"hidden\" name=\"_wpcf7cf_hidden_group_fields\" value=\"[]\" \/>\n<input type=\"hidden\" name=\"_wpcf7cf_hidden_groups\" value=\"[]\" \/>\n<input type=\"hidden\" name=\"_wpcf7cf_visible_groups\" value=\"[]\" \/>\n<input type=\"hidden\" name=\"_wpcf7cf_repeaters\" value=\"[]\" \/>\n<input type=\"hidden\" name=\"_wpcf7cf_steps\" value=\"{}\" \/>\n<input type=\"hidden\" name=\"_wpcf7cf_options\" value=\"{&quot;form_id&quot;:887,&quot;conditions&quot;:[],&quot;settings&quot;:{&quot;animation&quot;:&quot;yes&quot;,&quot;animation_intime&quot;:200,&quot;animation_outtime&quot;:200,&quot;conditions_ui&quot;:&quot;normal&quot;,&quot;notice_dismissed&quot;:false}}\" \/>\n<\/div>\n<p><label> Va\u0161e meno a priezvisko (povinn\u00e9)<br \/>\n<span class=\"wpcf7-form-control-wrap\" data-name=\"your-name\"><input size=\"40\" class=\"wpcf7-form-control wpcf7-text wpcf7-validates-as-required\" aria-required=\"true\" aria-invalid=\"false\" value=\"\" type=\"text\" name=\"your-name\" \/><\/span> <\/label>\n<\/p>\n<p><label> V\u00e1\u0161 email (povinn\u00e9)<br \/>\n<span class=\"wpcf7-form-control-wrap\" data-name=\"your-email\"><input size=\"40\" class=\"wpcf7-form-control wpcf7-text wpcf7-email wpcf7-validates-as-required wpcf7-validates-as-email\" aria-required=\"true\" aria-invalid=\"false\" value=\"\" type=\"email\" name=\"your-email\" \/><\/span> <\/label>\n<\/p>\n<p><label> Va\u0161e tel. \u010d\u00edslo (povinn\u00e9)<br \/>\n<span class=\"wpcf7-form-control-wrap\" data-name=\"telefon\"><input size=\"40\" class=\"wpcf7-form-control wpcf7-text wpcf7-validates-as-required\" aria-required=\"true\" aria-invalid=\"false\" value=\"\" type=\"text\" name=\"telefon\" \/><\/span><\/label>\n<\/p>\n<p><label> Motiva\u010dn\u00fd list (povinn\u00e9)<br \/>\nPovolen\u00fd typ s\u00faborov: pdf. Maxim\u00e1lna ve\u013ekos\u0165 s\u00faboru: 5 MB.<br \/>\n<span class=\"wpcf7-form-control-wrap\" data-name=\"file-329\"><input size=\"40\" class=\"wpcf7-form-control wpcf7-file wpcf7-validates-as-required\" accept=\".pdf\" aria-required=\"true\" aria-invalid=\"false\" type=\"file\" name=\"file-329\" \/><\/span><\/label>\n<\/p>\n<p><label> \u017divotopis (povinn\u00e9)<br \/>\nPovolen\u00fd typ s\u00faborov: pdf. Maxim\u00e1lna ve\u013ekos\u0165 s\u00faboru: 5 MB.<br \/>\n<span class=\"wpcf7-form-control-wrap\" data-name=\"file-182\"><input size=\"40\" class=\"wpcf7-form-control wpcf7-file wpcf7-validates-as-required\" accept=\".pdf\" aria-required=\"true\" aria-invalid=\"false\" type=\"file\" name=\"file-182\" \/><\/span><\/label>\n<\/p>\n<p><label> Ak chcete k Va\u0161ej \u017eiadosti prida\u0165 nejak\u00fa spr\u00e1vu, nap\u00ed\u0161te ju do tohto pol\u00ed\u010dka:<br \/>\n<span class=\"wpcf7-form-control-wrap\" data-name=\"your-message\"><textarea cols=\"40\" rows=\"10\" class=\"wpcf7-form-control wpcf7-textarea\" aria-invalid=\"false\" name=\"your-message\"><\/textarea><\/span> <\/label>\n<\/p>\n<p>[recaptcha]\n<\/p>\n<p><label> Odoslan\u00edm \u00fadajov s\u00fahlas\u00edte so spracovan\u00edm Va\u0161ich osobn\u00fdch \u00fadajov prev\u00e1dzkovate\u013eom Detsk\u00e9 centrum Ro\u017e\u0148ava. <a href=\"https:\/\/www.detskecentrumroznava.sk\/detskecentrum\/zasady-ochrany-osobnych-udajov\/\" target=\"_blank\">Z\u00e1sady ochrany osobn\u00fdch \u00fadajov.<\/a><\/label>\n<\/p>\n<p><input class=\"wpcf7-form-control has-spinner wpcf7-submit\" type=\"submit\" value=\"Odo\u0161li\" \/>\n<\/p><div class=\"wpcf7-response-output\" aria-hidden=\"true\"><\/div>\n<\/form>\n<\/div>\n\n","protected":false},"excerpt":{"rendered":"<p>H\u013ead\u00e1\u0161 brig\u00e1du? R\u00e1d pracuje\u0161 s \u013eu\u010fmi? Neboj\u00ed\u0161 sa zodpovednosti? Mo\u017eno si ten prav\u00fd \/ t\u00e1 prav\u00e1 na pr\u00e1cu v Detskom centre. Po\u0161li n\u00e1m svoj motiva\u010dn\u00fd list a \u017eivotopis. Vhodn\u00fdch kandid\u00e1tov pozveme na \u00favodn\u00fd pohovor.<\/p>\n","protected":false},"author":1,"featured_media":0,"parent":0,"menu_order":0,"comment_status":"closed","ping_status":"closed","template":"","meta":[],"_links":{"self":[{"href":"https:\/\/www.detskecentrumroznava.sk\/detskecentrum\/wp-json\/wp\/v2\/pages\/884"}],"collection":[{"href":"https:\/\/www.detskecentrumroznava.sk\/detskecentrum\/wp-json\/wp\/v2\/pages"}],"about":[{"href":"https:\/\/www.detskecentrumroznava.sk\/detskecentrum\/wp-json\/wp\/v2\/types\/page"}],"author":[{"embeddable":true,"href":"https:\/\/www.detskecentrumroznava.sk\/detskecentrum\/wp-json\/wp\/v2\/users\/1"}],"replies":[{"embeddable":true,"href":"https:\/\/www.detskecentrumroznava.sk\/detskecentrum\/wp-json\/wp\/v2\/comments?post=884"}],"version-history":[{"count":4,"href":"https:\/\/www.detskecentrumroznava.sk\/detskecentrum\/wp-json\/wp\/v2\/pages\/884\/revisions"}],"predecessor-version":[{"id":896,"href":"https:\/\/www.detskecentrumroznava.sk\/detskecentrum\/wp-json\/wp\/v2\/pages\/884\/revisions\/896"}],"wp:attachment":[{"href":"https:\/\/www.detskecentrumroznava.sk\/detskecentrum\/wp-json\/wp\/v2\/media?parent=884"}],"curies":[{"name":"wp","href":"https:\/\/api.w.org\/{rel}","templated":true}]}}